 r(c) = c**3 + 4*c**2 + 3*c + 2. Let a be r(-2). Let h = -133 + 255. Suppose 4*s - a*x = h + 326, -s = 5*x - 106. What is the hundreds digit of s?
1
Let p = -82 - -65. Let m = 49 + p. Suppose 0 = z - m - 34. What is the units digit of z?
6
Let g be ((-1)/(-4))/(13/13624). Suppose l - g = 4*m, -l - 4*m + 770 = 2*l. What is the hundreds digit of l?
2
Let f be (-4)/((-32)/2536) + (-1 - -7). Suppose f*n + 5460 = 336*n. What is the tens digit of n?
2
Let n(s) = 8*s - 4*s + 4*s**3 - 2 - 9*s - s**2. Let x be n(-2). What is the tens digit of ((-16)/x)/(4/322)?
4
Suppose -2107 - 12091 = -2*k. Suppose -4*n + k = 5*h, 4*h - 7*h - 4*n + 4261 = 0. What is the units digit of h?
9
Let k = 59 - 54. Suppose 5*x + 30 = 5*z, -5*z - k*x - 4 - 16 = 0. What is the tens digit of z*46 - (1 - 0)*-3?
4
Let o(z) = -2*z**2 + 28*z + 9. Let r be (51*(-1 + 0))/(-12 + 13). Let u = r + 65. What is the units digit of o(u)?
9
Suppose -80478 = 315*d - 333*d. What is the units digit of d?
1
Let r be 8*(-2)/10*-10. Let t(o) = -26 - 41*o - r + 7. What is the hundreds digit of t(-6)?
2
Suppose 5*u + t + 200 = 0, 4*u + 196 - 20 = -4*t. Let b = u - -50. Suppose 201 = 3*h - 3*p, -b = 5*p + 4. What is the units digit of h?
4
Suppose g - 5*g = -4, t - 2*g = 0. Suppose -u + 3*c = t*u - 27, 2*c + 8 = 0. Suppose -u*j = -62 - 133. What is the tens digit of j?
3
Suppose 7894 = 11*g + 2636. Suppose -5*p + 1497 = 2*b, -b - p + g = -278. What is the hundreds digit of b?
7
Suppose -p + 5*p = 58954 + 148682. What is the hundreds digit of p?
9
Suppose 27469 = 4*w - l - 4359, -3*w + 23871 = l. What is the thousands digit of w?
7
Let q(x) = -x**2 + 28*x + 11. Let h be 159/12 - 4/16. What is the hundreds digit of q(h)?
2
What is the tens digit of -60 + 29762 - (1 + 9)?
9
Suppose -4*s = -12, 4*n - s - 2*s - 21459 = 0. What is the thousands digit of n?
5
Suppose -67 = -5*k - 37. Suppose -13*i + 2681 = -k*i. What is the units digit of i?
3
Suppose 2*n = -4*c + 13940, -10*n - 6972 = -11*n - c. What is the units digit of n?
4
Let j = -197 - -337. Suppose -j = -5*l + 5*p, 0 = -l + 4*p - 6*p + 31. What is the tens digit of l?
2
Let p = 681 - 201. What is the units digit of p - ((-12)/(-2) - 0)?
4
Let z(d) = -59*d - 9. Let x = -47 - -44. Let j(r) = -r**3 - 2*r**2 + 5*r + 4. Let g be j(x). What is the units digit of z(g)?
9
Let a be (-321)/((-10)/7 - -1). Suppose 5*g - 231 = a. What is the units digit of g?
6
Let o(t) = 6*t + 19. Let b be o(-11). Let q = -39 - b. Let v = q + 13. What is the units digit of v?
1
Let h(z) = 3*z**2. Let i(n) = -n**3 - 9*n**2 - 6*n + 24. Let o(f) = 6*h(f) + i(f). What is the tens digit of o(7)?
8
Suppose -6*g + 111572 = 23*g - 1629298. What is the ten thousands digit of g?
6
Suppose -5 = -4*r - g, r + 4*g = -0*r + 20. Suppose 4*p = -2*m + 1524, 45*p - 48*p = r. What is the units digit of m?
2
What is the hundreds digit of (-18)/((-1008)/70) + 22115/4?
5
Let w = -659 + 676. Suppose w*b - 15*b = 4*j - 5494, -4*j + 5493 = -b. What is the thousands digit of j?
1
Let n = 343 - -1025. Let g = n - 639. What is the hundreds digit of g?
7
Suppose 87*c + 29*c = 34602 + 41494. What is the units digit of c?
6
Let c(n) = -5*n**3 + 122*n**2 - 6*n + 537. What is the hundreds digit of c(24)?
5
Let y(r) = 2*r + 125 - r**3 + r**2 - 3*r - r. Suppose 4*l + 8 = -4*u, -2*l = u - 81 + 85. What is the units digit of y(u)?
5
What is the units digit of 7*8 - -2 - (49 + -44)?
3
Let j = -76 + 82. What is the hundreds digit of (j + (-6 - -6))*86/4?
1
Let i be ((-606)/(-9))/(4*(-3)/(-18)). Suppose -o + 93 = -i. Suppose 0 = -2*l + o - 72. What is the tens digit of l?
6
Let d(n) = -n**3 - n**2 + n + 5911. What is the tens digit of d(0)?
1
Let j = 212 - -430. Suppose -6*o + o - 639 = 2*w, -w - j = 5*o. Let h = o + 247. What is the hundreds digit of h?
1
Let l = 2 - 137. Let m be (-1 + -83)*l/(-60). Let s = -76 - m. What is the tens digit of s?
1
Suppose -5*t = -o - 57, o - 4*o - 4*t = 247. What is the tens digit of (-3)/11 - 9954/o?
2
What is the tens digit of (103 - 1)/((-10)/(-2010)*-6)*-1?
1
Suppose 0 = -t - 2*d + 745, -4*t + 0*d + 3*d + 3035 = 0. Let z = t - 284. What is the hundreds digit of z?
4
Let y = -591 + 1033. Suppose 7886 = 8*v - y. What is the thousands digit of v?
1
What is the hundreds digit of 8/12 + (-156)/18 + 18942?
9
Let f = 55 + -53. Suppose -5*i = 20, 2*i = f*p - 0*i - 22. Suppose 0 = -10*h + 173 + p. What is the units digit of h?
8
Suppose -14 = -x + 3*k, -4 = -3*k - 13. Let u(v) = -x + 15*v**2 - 79*v + 70*v + v**3 - 2*v**3. What is the hundreds digit of u(6)?
2
Let j be 1495/(-483) + 2/21. Let c(p) = -p**3 + 3*p**2 + 3*p - 14. Let y be c(7). Let s = j - y. What is the units digit of s?
6
Let p(l) = l**3 + 25*l**2 + 125*l - 74. What is the units digit of p(14)?
0
Let l = -3608 - -10521. What is the hundreds digit of l?
9
Let p(l) = -l**3 + 16*l**2 - 35*l - 18. Let z(d) = d**3 - 10*d**2 + 8*d + 22. Let a be z(9). What is the units digit of p(a)?
4
Let p = 55 - 52. Let u = -17 - -8. What is the units digit of (p - -46) + u/3 + -3?
3
Suppose -4*o - 490 = 3*t, 4*t - o - 487 = 7*t. Let z = 275 + t. What is the tens digit of z?
1
Suppose -5*c - 2*a = -36, 3*c - 2*a - 2 - 10 = 0. Let w(h) = 326*h + 1. Let b be w(1). Suppose -c*i + 435 = -b. What is the tens digit of i?
2
Let q(h) = 2*h**2 - 52*h + 15. What is the hundreds digit of q(-16)?
3
Let g be (2 - 0) + -6 + (-10)/(-2). Suppose r + 2*f = g + 109, -2*r - 5*f + 224 = 0. What is the tens digit of r?
0
Suppose 0 - 8 = -4*j. Suppose 0 = j*o - 3 - 1. Suppose o*k - 32 = 138. What is the tens digit of k?
8
Let v(c) = -c**2 + 8*c - 20. Let h = 8 - -2. Let q be v(h). Let i = -38 - q. What is the units digit of i?
2
Suppose 3*a - 488 = a. Let l = 433 - a. Suppose 0 = 21*o - 14*o - l. What is the tens digit of o?
2
Suppose -3*r = -12, -30*b - r - 7672 = -34*b. What is the tens digit of b?
1
Let v(t) = 1262*t**2 + 31*t - 134. What is the ten thousands digit of v(4)?
2
Suppose -3*s - s + 2*x - 12 = 0, s = x - 1. What is the units digit of (2 - (5 + -3 + s)) + 0?
5
Let m = 140 + -137. Suppose 244 = m*o + 151. What is the tens digit of o?
3
Suppose -5*l + 7 = -4*r, 6 = 4*l - r - 2*r. Suppose l*b - 14*b + 44 = 0. What is the units digit of 3 - ((0 - -4) + (2 - b))?
1
Suppose -q - 2*v + 4272 = 0, -1041 - 7513 = -2*q - 2*v. What is the tens digit of q?
8
Let l(g) = -157*g + 11. Let x be l(-4). Suppose u = -5, 5*t + 5*u - 71 = x. Suppose j - m = 76, j + m + t = 3*j. What is the units digit of j?
1
Let a = -3707 - -10054. What is the tens digit of a?
4
Suppose 4*t = -p + 2*p - 398, 4*t - 12 = 0. Let m be 2/((-1)/(-3)*3). Suppose 7*x + 5*z - p = m*x, -z - 313 = -4*x. What is the tens digit of x?
7
Let v(w) = 14*w + 216. What is the units digit of v(59)?
2
Suppose -b + 0*b - 3*t = -17, -5*t + 35 = 5*b. What is the units digit of 1440/84 - b/14?
7
Suppose -2*q + 9119 + 2857 = 2*s, 5980 = q - 3*s. What is the tens digit of q?
8
Suppose 14 = r - 4*u, -r - 2*r - 2*u = 14. Let h(s) = -122*s**2 - 5*s + 3*s - 2 + 151*s**2. What is the tens digit of h(r)?
1
Let r(d) = -2878*d - 30. Let p be r(-1). Suppose 5*g - p = -5*y + 1597, y - 899 = g. What is the units digit of y?
4
Let b = -17211 - -99299. What is the ten thousands digit of b?
8
Let v be 3/12 + ((-15)/(-4) - 4). Suppose -5*b - 4*x + 585 = -x, v = 4*b - 4*x - 468. Suppose -2*t + 137 = -b. What is the tens digit of t?
2
Let y be 0/3 + 2433 + -2. Let m = y - 1667. What is the hundreds digit of m?
7
Suppose -15*l + 10*l = 3*p - 6389, 0 = -4*p - 2*l + 8514. What is the thousands digit of p?
2
Suppose -58*v - 104872 = -2108714. What is the hundreds digit of v?
5
Let j(l) be the second derivative of l**5/20 - 7*l**4/4 + 17*l**3/3 + 8*l**2 - 3*l + 41. What is the hundreds digit of j(21)?
7
What is the thousands digit of 13868 - (1 + 24/12)?
3
Let l(w) = -81*w - 5. Let p be l(2). Let v = 437 + p. What is the units digit of v?
0
Let z(r) = -r**3 + 12*r**2 + 16*r - 56. Let f be z(13). Let n = 72 + f. What is the units digit of n?
5
Let f(i) = i**3 - 3*i**2 - 3*i + 5. Let w be f(5). Suppose -72*n + 71*n + w = 0. What is the tens digit of n?
4
Let y = 68747 + -30304. What is the tens digit of y?
4
Let i(q) = -3*q**3 + 2*q**2 - 2*q - 94. Let u(l) = l**3 - l**2 + l. Let b(n) = -i(n) - 4*u(n). What is the tens digit of b(0)?
